 -10 + 30. What is the remainder when t is divided by 3/(((-6)/i)/(-2))?
6
Suppose 0 = 5*f + r - 16, 3*f - 3*r + 0*r = 24. What is the remainder when (1 - 21/27) + 792/81 is divided by f?
2
Let c be 0*(-2)/(-6) + 4. Let i be c/((-24)/9)*6. Let w = 11 - i. What is the remainder when w is divided by 11?
9
Let c(o) = 2*o**2 + 8*o + 7. Calculate the remainder when c(-7) is divided by 18.
13
Suppose -2*z = -0*l + l - 106, z + 3*l = 58. Let t be ((-8)/(-6))/((-2)/(-3)). Suppose -t*d - d + 54 = 0. What is the remainder when z is divided by d?
16
Suppose 5*g = 4*q + 256 + 67, -3*g = 5*q - 216. Calculate the remainder when g is divided by 8/(-20) + (-261)/(-15).
16
Let u(j) = j**2 + 2*j - 1. Let z be u(-3). Suppose -s + 1 = -z*y - 13, 0 = -2*y - 2. Let c(i) = 8*i - 10. Calculate the remainder when c(4) is divided by s.
10
Suppose 4*b + q - 289 = 0, 2*b = 6*q - q + 161. What is the remainder when b is divided by 25?
23
Suppose -z = z - 22. What is the remainder when z is divided by 3?
2
Let k be (-4)/(-2) - (-6)/2. Suppose -h + 15 - k = 0. Suppose 5*w - 25 - h = 0. What is the remainder when 20 is divided by w?
6
Suppose -42 = 8*j - 10*j. What is the remainder when j is divided by 12?
9
Suppose 0*m + 56 = 4*m. Calculate the remainder when 181 is divided by m.
13
Let w = -5 - -6. Suppose 0 = -5*c + w + 9. Calculate the remainder when 2 is divided by c.
0
Let a(y) = 22*y - 4. What is the remainder when 67 is divided by a(1)?
13
Let a = 0 - 20. Calculate the remainder when ((-112)/a)/((-2)/(-20)) is divided by 19.
18
Let x(q) = -q**3 + 4*q**2 + 2*q - 3. Calculate the remainder when x(3) is divided by 7.
5
Suppose -3*d + 4 = -d. Suppose -d = 2*p - 46. Calculate the remainder when p is divided by 13.
9
Suppose 0 = 5*b - 0*b - 270. Calculate the remainder when b is divided by 28.
26
Suppose 5*q - 1 = 4*g - 4, -2*g + 2*q = -2. Suppose -g*w = 2*r - 0*r - 120, -r - 192 = -3*w. Calculate the remainder when w is divided by 33.
30
Suppose 3*u - 145 = -2*u. Let c(b) = 3*b**2 + b - 1. Let i be c(1). Suppose 0 = s + 5, i = -z - 3*s - 4. Calculate the remainder when u is divided by z.
5
Let y = -1 - -3. Suppose -g = -u + 24, -g + 52 = y*u - 2*g. Calculate the remainder when u is divided by 15.
13
Let q(g) = 2 - g**3 - 1 + 0*g**3 - 6*g**2 - 3*g - g**2. Let x be q(-7). Suppose -3*c = -62 - x. What is the remainder when c is divided by 15?
13
Let v = 15 + -10. Suppose -2*f + 1 = -4*y + 3*y, -v*y = -5*f - 5. What is the remainder when 5 is divided by f?
1
Let m(j) = -j - 5. Let a be m(-8). Suppose -4*g + a + 13 = 0. Let t(p) = -2*p + 1. Calculate the remainder when t(-3) is divided by g.
3
Let v = 238 - 183. Calculate the remainder when v is divided by 22.
11
Let x be ((-8)/12)/(1/3). Let u(p) = -p**3 - 11*p**2 - p + 1. What is the remainder when u(-11) is divided by -1 - 20/x - 2?
5
Let c = 113 + -81. Let t(h) = -h**3 - 5*h**2 - 2*h + 1. Calculate the remainder when c is divided by t(-5).
10
Let x be (-3)/(-2) + 3/6. Let q(s) = -4*s - 8. Calculate the remainder when q(-6) is divided by 17/2 + 1/x.
7
Let o(q) = q + 7. Let g = -29 - -26. Calculate the remainder when 17 is divided by o(g).
1
Let k = -13 + 8. Let o = 3 - k. Let d = 42 + -19. Calculate the remainder when d is divided by o.
7
Suppose -4 = j, 0 = -u - 5*j + 10 - 28. Let r be u/(-8) + 102/24. Suppose r*h - 5*p - 94 = 20, -h + 5*p = -21. Calculate the remainder when h is divided by 8.
7
Suppose 9 + 11 = b. Suppose b = 2*a - 34. What is the remainder when a is divided by 14?
13
Suppose s + 45 = 10*s. Calculate the remainder when 12 is divided by s.
2
Let b be -1 - -35 - 0/4. Let u = -24 + b. What is the remainder when u is divided by 4?
2
Let b(q) = -2*q**3 - 9*q**2 - q - 1. Suppose 2*p - 26 = -3*w, -p = -3*w + p + 22. What is the remainder when b(-5) is divided by w?
5
Let y = -1 + 7. Calculate the remainder when 9 is divided by y.
3
Let q be ((-5)/(-3) + -2)*-3. Let i be (3 - 2 - q) + -2. What is the remainder when 10/(i + 5/2) is divided by 11?
9
Suppose 0 = -0*q + q - 1, -s + q = -1. Calculate the remainder when 4/s - (-35)/5 is divided by 6.
3
Let x(w) be the first derivative of -w**4/4 - w**3 - w**2/2 + 2*w + 2. Suppose 0 = 4*d - 2*d - 28. What is the remainder when d is divided by x(-3)?
4
Suppose -3*q = 4*y - 3*y - 19, -q = 3*y - 49. Calculate the remainder when 312/5 - (-14)/(-35) is divided by y.
14
Suppose 4*g + 8 = -4*d - g, -3*g - 27 = -5*d. Suppose 16 = 3*w + 2*b - d*b, w = -b. Suppose -23*l + 206 = -24. Calculate the remainder when l is divided by w.
2
Suppose -3*o = 19*o - 22. Let z(h) = h**3 + 3*h**2 - 2*h**2 - 4 + 3. What is the remainder when z(1) is divided by o?
0
Let t = -4 + 6. Suppose 3*n - 18 = -3*c, -c + t = -3*n + 4. Suppose -2*o + 17 = -5. Calculate the remainder when o is divided by c.
3
Let c(g) = -g**2 + 3*g + 2. Let m be c(7). Calculate the remainder when 24 is divided by m/(-4)*(1 - -1).
11
Suppose -5*b + 51 = 2*w, -w = -9*b + 4*b - 48. Suppose 0 = 4*o - 4*v - 19 - w, v = 2*o - 28. Calculate the remainder when o is divided by 8.
7
Let c(n) = -13*n - 1. Suppose -3*y + 2 = -4*y. Calculate the remainder when c(y) is divided by 7.
4
Suppose -5*c + 2*q + 125 = 0, -4*c + 4*q + 89 = -c. What is the remainder when 33 is divided by c?
10
Let m be 3 + -1 + (-1)/(-1). Suppose -3*a - 2*l = -53, -4*l = -m*a - l + 63. Calculate the remainder when 56 is divided by a.
18
Let g(j) = j**2 - 2*j + 1. Let v be ((-4)/14)/((-2)/14). Let u be g(v). Calculate the remainder when 23 is divided by -13*u*(-4)/4.
10
Calculate the remainder when 52 is divided by 3/((-11)/6 - -2).
16
What is the remainder when (-1395)/(-30)*8/6 is divided by 17?
11
Suppose -2*b + 2 = -4*h, 8*h - 80 = -5*b + 3*h. Suppose 4*p - 3*p = -16. What is the remainder when (3 - 1)/((-1)/p) is divided by b?
10
Let q(z) = 3*z + 3. Let m be q(-3). Let x be 11/(-9) - m/27. Calculate the remainder when 5 is divided by (-5)/10*(x + -3).
1
Let j = 2 + -2. Suppose j = 5*k - 2*h - 265, -2*h + 7*h + 178 = 3*k. Suppose -2*w + 33 + k = 0. What is the remainder when w is divided by 15?
12
Suppose m - 15 = -0*m + 5*i, -2*m + 24 = -4*i. Let p(u) = -3*u**3 - 2*u - 3. Let b be p(-2). Let c = 3 + b. Calculate the remainder when c is divided by m.
8
Suppose -2*v + 1310 = 5*j - 1044, v = j - 468. Let z = j + -316. Let r = z - 108. Calculate the remainder when r is divided by 16.
14
Let p(o) = o**3 + 4*o**2 - 6*o + 6. Let n be p(-5). Let l be (19 + 19)*2/4. Let r = l - n. What is the remainder when r is divided by 5?
3
Suppose -g = -16 - 12. Suppose 2*c + 15 = 3*c. Calculate the remainder when g is divided by c.
13
Suppose 7 = x - 9. Calculate the remainder when x is divided by 9.
7
Suppose 0 = 5*t + 5*z - 45 - 265, -3*z - 129 = -2*t. What is the remainder when t is divided by 16?
15
Let j(w) = 6*w**2 + 19*w - 5. What is the remainder when j(-8) is divided by 19?
18
Let k(x) = 8*x**2 - 2. Let s be k(-2). Let v = s - 14. What is the remainder when v is divided by 9?
7
Suppose 154 = 13*l - 6*l. What is the remainder when 71 is divided by l?
5
Suppose -2*z - 4*f = -3*z + 17, 0 = 3*z + 4*f - 3. Calculate the remainder when 56/(-6)*3/(-2) is divided by z.
4
Suppose 5*d - d = -4*x + 20, 0 = -d - 4*x + 5. Let u = 7 - d. What is the remainder when 3 is divided by u?
1
Calculate the remainder when 13 is divided by (4 - 1)*45/27.
3
Let x(a) = 3*a + 11 + 0*a + 0*a - 9*a. Suppose 5*t - 65 = -5*s, -5*s - 20 = -s. Calculate the remainder when x(-7) is divided by t.
17
Suppose 2*i + 18 = -58. Let d = 102 + i. Calculate the remainder when d is divided by 22.
20
Let w(t) = -2*t + 1. Let x be w(-2). Suppose -x*m + 8*m = 78. What is the remainder when 75 is divided by m?
23
Suppose 3*g - 1 + 3 = -2*k, 2*k - g = 14. Calculate the remainder when 11 is divided by k.
1
Let u be (-2)/(-5) - 8/20. Suppose u = 2*v - 10 + 2. Suppose v*k + 2*o + 32 = 88, 69 = 5*k + 3*o. What is the remainder when 28 is divided by k?
13
What is the remainder when 15 is divided by 1/3*300/10?
5
Let s(b) = b**2 - 5*b + 4. Suppose 2*y = -3*o + 51, -4*y - 3*o = 1 - 94. Let c = y - 3. Calculate the remainder when c is divided by s(6).
8
Suppose 0 = -4*u - 5*l + 100, -2*l = -l - 4. Calculate the remainder when 37 is divided by u.
17
Let d = -26 - -64. Let t = d - 15. Let h = 134 - 126. What is the remainde